Last updated on 2024-05-02 04:00:07 CEST.
Flavor | Version | Tinstall | Tcheck | Ttotal | Status | Flags |
---|---|---|---|---|---|---|
r-devel-linux-x86_64-debian-clang | 0.13.2 | 15.76 | 938.30 | 954.06 | OK | |
r-devel-linux-x86_64-debian-gcc | 0.13.2 | 10.07 | 760.93 | 771.00 | OK | |
r-devel-linux-x86_64-fedora-clang | 0.13.2 | 951.13 | OK | |||
r-devel-linux-x86_64-fedora-gcc | 0.13.2 | 1281.21 | OK | |||
r-devel-windows-x86_64 | 0.13.2 | 13.00 | 357.00 | 370.00 | OK | |
r-patched-linux-x86_64 | 0.13.2 | 19.96 | 1030.22 | 1050.18 | NOTE | |
r-release-linux-x86_64 | 0.13.2 | 14.89 | 987.11 | 1002.00 | NOTE | |
r-release-macos-arm64 | 0.13.2 | 163.00 | OK | |||
r-release-macos-x86_64 | 0.13.2 | 443.00 | OK | |||
r-release-windows-x86_64 | 0.13.2 | 15.00 | 361.00 | 376.00 | OK | |
r-oldrel-macos-arm64 | 0.13.2 | 159.00 | OK | |||
r-oldrel-macos-x86_64 | 0.13.2 | 407.00 | OK | |||
r-oldrel-windows-x86_64 | 0.13.2 | 17.00 | 455.00 | 472.00 | OK |
Version: 0.13.2
Check: package dependencies
Result: NOTE
Package suggested but not available for checking: ‘blavaan’
Flavor: r-patched-linux-x86_64
Version: 0.13.2
Check: package dependencies
Result: NOTE
Package suggested but not available for checking: ‘rstanarm’
Flavor: r-release-linux-x86_64