Last updated on 2025-07-04 05:49:17 CEST.
Flavor | Version | Tinstall | Tcheck | Ttotal | Status | Flags |
---|---|---|---|---|---|---|
r-devel-linux-x86_64-debian-clang | 0.3-2 | 8.65 | 127.99 | 136.64 | NOTE | |
r-devel-linux-x86_64-debian-gcc | 0.3-2 | 5.98 | 90.05 | 96.03 | NOTE | |
r-devel-linux-x86_64-fedora-clang | 0.3-2 | 210.47 | OK | |||
r-devel-linux-x86_64-fedora-gcc | 0.3-2 | 213.69 | OK | |||
r-devel-windows-x86_64 | 0.3-2 | 11.00 | 121.00 | 132.00 | OK | |
r-patched-linux-x86_64 | 0.3-2 | 8.47 | 121.75 | 130.22 | OK | |
r-release-linux-x86_64 | 0.3-2 | 8.15 | 120.62 | 128.77 | OK | |
r-release-macos-arm64 | 0.3-2 | 77.00 | OK | |||
r-release-macos-x86_64 | 0.3-2 | 140.00 | OK | |||
r-release-windows-x86_64 | 0.3-2 | 10.00 | 126.00 | 136.00 | OK | |
r-oldrel-macos-arm64 | 0.3-2 | 65.00 | OK | |||
r-oldrel-macos-x86_64 | 0.3-2 | 97.00 | OK | |||
r-oldrel-windows-x86_64 | 0.3-2 | 12.00 | 194.00 | 206.00 | OK |
Version: 0.3-2
Check: CRAN incoming feasibility
Result: NOTE
Maintainer: ‘Peter Solymos <psolymos@gmail.com>’
No Authors@R field in DESCRIPTION.
Please add one, modifying
Authors@R: person(given = "Peter",
family = "Solymos",
role = c("aut", "cre"),
email = "psolymos@gmail.com",
comment = c(ORCID = "0000-0001-7337-1740"))
as necessary.
Flavors: r-devel-linux-x86_64-debian-clang, r-devel-linux-x86_64-debian-gcc