Last updated on 2025-02-20 04:51:04 CET.
Flavor | Version | Tinstall | Tcheck | Ttotal | Status | Flags |
---|---|---|---|---|---|---|
r-devel-linux-x86_64-debian-clang | 0.1.3 | 55.52 | 18.50 | 74.02 | OK | |
r-devel-linux-x86_64-debian-gcc | 0.1.3 | 42.77 | 15.36 | 58.13 | OK | |
r-devel-linux-x86_64-fedora-clang | 0.1.3 | 119.74 | OK | |||
r-devel-linux-x86_64-fedora-gcc | 0.1.3 | 118.12 | OK | |||
r-devel-macos-arm64 | 0.1.3 | 37.00 | OK | |||
r-devel-macos-x86_64 | 0.1.3 | 75.00 | OK | |||
r-devel-windows-x86_64 | 0.1.3 | 66.00 | 48.00 | 114.00 | OK | |
r-patched-linux-x86_64 | 0.1.3 | 55.18 | 17.84 | 73.02 | OK | |
r-release-linux-x86_64 | 0.1.3 | 54.57 | 17.72 | 72.29 | OK | |
r-release-macos-arm64 | 0.1.3 | 43.00 | OK | |||
r-release-macos-x86_64 | 0.1.3 | 94.00 | OK | |||
r-release-windows-x86_64 | 0.1.3 | 68.00 | 3.00 | 71.00 | FAIL | |
r-oldrel-macos-arm64 | 0.1.3 | 55.00 | OK | |||
r-oldrel-macos-x86_64 | 0.1.3 | 89.00 | OK | |||
r-oldrel-windows-x86_64 | 0.1.3 | 62.00 | 47.00 | 109.00 | OK |
Version: 0.1.3
Check: package dependencies
Result: FAIL
Flavor: r-release-windows-x86_64