Last updated on 2025-07-27 05:48:25 CEST.
Flavor | Version | Tinstall | Tcheck | Ttotal | Status | Flags |
---|---|---|---|---|---|---|
r-devel-linux-x86_64-debian-clang | 0.2.6 | 23.89 | 598.29 | 622.18 | OK | |
r-devel-linux-x86_64-debian-gcc | 0.2.7 | 14.90 | 407.87 | 422.77 | OK | |
r-devel-linux-x86_64-fedora-clang | 0.2.7 | 589.97 | OK | |||
r-devel-linux-x86_64-fedora-gcc | 0.2.7 | 762.05 | OK | |||
r-devel-windows-x86_64 | 0.2.7 | 29.00 | 568.00 | 597.00 | OK | |
r-patched-linux-x86_64 | 0.2.5 | 21.39 | 571.34 | 592.73 | OK | |
r-release-linux-x86_64 | 0.2.7 | 20.17 | 604.36 | 624.53 | OK | |
r-release-macos-arm64 | 0.2.5 | 161.00 | OK | |||
r-release-macos-x86_64 | 0.2.7 | 316.00 | OK | |||
r-release-windows-x86_64 | 0.2.7 | 29.00 | 503.00 | 532.00 | OK | |
r-oldrel-macos-arm64 | 0.2.5 | 174.00 | NOTE | |||
r-oldrel-macos-x86_64 | 0.2.7 | 334.00 | NOTE | |||
r-oldrel-windows-x86_64 | 0.2.6 | 35.00 | 760.00 | 795.00 | NOTE |
Version: 0.2.5
Check: installed package size
Result: NOTE
installed size is 5.1Mb
sub-directories of 1Mb or more:
data 1.6Mb
doc 3.1Mb
Flavor: r-oldrel-macos-arm64
Version: 0.2.7
Check: installed package size
Result: NOTE
installed size is 10.4Mb
sub-directories of 1Mb or more:
data 1.6Mb
doc 8.2Mb
Flavor: r-oldrel-macos-x86_64
Version: 0.2.6
Check: installed package size
Result: NOTE
installed size is 10.3Mb
sub-directories of 1Mb or more:
data 1.6Mb
doc 8.1Mb
Flavor: r-oldrel-windows-x86_64