Last updated on 2025-02-06 05:49:05 CET.
Flavor | Version | Tinstall | Tcheck | Ttotal | Status | Flags |
---|---|---|---|---|---|---|
r-devel-linux-x86_64-debian-clang | 1.0.12 | 7.63 | 66.75 | 74.38 | OK | |
r-devel-linux-x86_64-debian-gcc | 1.0.12 | 5.45 | 51.19 | 56.64 | OK | |
r-devel-linux-x86_64-fedora-clang | 1.0.12 | 120.33 | OK | |||
r-devel-linux-x86_64-fedora-gcc | 1.0.12 | 112.15 | OK | |||
r-devel-windows-x86_64 | 1.0.12 | 9.00 | 163.00 | 172.00 | OK | |
r-patched-linux-x86_64 | 1.0.12 | 7.08 | 63.14 | 70.22 | NOTE | |
r-release-linux-x86_64 | 1.0.12 | 6.07 | 63.16 | 69.23 | NOTE | |
r-release-macos-arm64 | 1.0.12 | 32.00 | NOTE | |||
r-release-macos-x86_64 | 1.0.12 | 51.00 | NOTE | |||
r-release-windows-x86_64 | 1.0.12 | 9.00 | 155.00 | 164.00 | NOTE | |
r-oldrel-macos-arm64 | 1.0.12 | 35.00 | NOTE | |||
r-oldrel-macos-x86_64 | 1.0.12 | 59.00 | NOTE | |||
r-oldrel-windows-x86_64 | 1.0.12 | 11.00 | 123.00 | 134.00 | NOTE |
Version: 1.0.12
Check: LazyData
Result: NOTE
'LazyData' is specified without a 'data' directory
Flavors: r-patched-linux-x86_64, r-release-linux-x86_64, r-release-macos-arm64, r-release-macos-x86_64, r-release-windows-x86_64, r-oldrel-macos-arm64, r-oldrel-macos-x86_64, r-oldrel-windows-x86_64