Last updated on 2024-05-02 04:00:06 CEST.
Flavor | Version | Tinstall | Tcheck | Ttotal | Status | Flags |
---|---|---|---|---|---|---|
r-devel-linux-x86_64-debian-clang | 0.1.0 | 2.42 | 374.02 | 376.44 | NOTE | |
r-devel-linux-x86_64-debian-gcc | 0.1.0 | 1.98 | 245.63 | 247.61 | NOTE | |
r-devel-linux-x86_64-fedora-clang | 0.1.0 | 452.43 | NOTE | |||
r-devel-linux-x86_64-fedora-gcc | 0.1.0 | 455.98 | NOTE | |||
r-devel-windows-x86_64 | 0.1.0 | 3.00 | 250.00 | 253.00 | NOTE | |
r-patched-linux-x86_64 | 0.1.0 | 1.61 | 358.70 | 360.31 | NOTE | |
r-release-linux-x86_64 | 0.1.0 | 2.42 | 350.07 | 352.49 | NOTE | |
r-release-macos-arm64 | 0.1.0 | 101.00 | NOTE | |||
r-release-windows-x86_64 | 0.1.0 | 4.00 | 257.00 | 261.00 | NOTE | |
r-oldrel-macos-arm64 | 0.1.0 | 112.00 | NOTE | |||
r-oldrel-macos-x86_64 | 0.1.0 | 199.00 | NOTE | |||
r-oldrel-windows-x86_64 | 0.1.0 | 3.00 | 322.00 | 325.00 | NOTE |
Version: 0.1.0
Check: LazyData
Result: NOTE
'LazyData' is specified without a 'data' directory
Flavors: r-devel-linux-x86_64-debian-clang, r-devel-linux-x86_64-debian-gcc, r-devel-linux-x86_64-fedora-clang, r-devel-linux-x86_64-fedora-gcc, r-devel-windows-x86_64, r-patched-linux-x86_64, r-release-linux-x86_64, r-release-macos-arm64, r-release-windows-x86_64, r-oldrel-macos-arm64, r-oldrel-macos-x86_64, r-oldrel-windows-x86_64