Last updated on 2025-02-20 04:51:04 CET.
Flavor | Version | Tinstall | Tcheck | Ttotal | Status | Flags |
---|---|---|---|---|---|---|
r-devel-linux-x86_64-debian-clang | 1.11 | 48.79 | 245.55 | 294.34 | OK | |
r-devel-linux-x86_64-debian-gcc | 1.11 | 33.05 | 173.76 | 206.81 | OK | |
r-devel-linux-x86_64-fedora-clang | 1.11 | 486.53 | OK | |||
r-devel-linux-x86_64-fedora-gcc | 1.11 | 492.49 | OK | |||
r-devel-macos-arm64 | 1.11 | 185.00 | OK | |||
r-devel-macos-x86_64 | 1.11 | 238.00 | OK | |||
r-devel-windows-x86_64 | 1.11 | 39.00 | 273.00 | 312.00 | OK | |
r-patched-linux-x86_64 | 1.11 | 50.62 | 227.53 | 278.15 | OK | |
r-release-linux-x86_64 | 1.11 | 46.38 | 230.67 | 277.05 | OK | |
r-release-macos-arm64 | 1.11 | 190.00 | OK | |||
r-release-macos-x86_64 | 1.11 | 331.00 | OK | |||
r-release-windows-x86_64 | 1.11 | 41.00 | 3.00 | 44.00 | FAIL | |
r-oldrel-macos-arm64 | 1.11 | 114.00 | OK | |||
r-oldrel-macos-x86_64 | 1.11 | 295.00 | OK | |||
r-oldrel-windows-x86_64 | 1.11 | 46.00 | 288.00 | 334.00 | OK |
Version: 1.11
Check: package dependencies
Result: FAIL
Flavor: r-release-windows-x86_64