Last updated on 2025-07-25 05:49:16 CEST.
Flavor | Version | Tinstall | Tcheck | Ttotal | Status | Flags |
---|---|---|---|---|---|---|
r-devel-linux-x86_64-debian-clang | 20.0.0.2 | 3599.51 | 247.08 | 3846.59 | OK | |
r-devel-linux-x86_64-debian-gcc | 20.0.0.2 | 2763.67 | 164.71 | 2928.38 | OK | |
r-devel-linux-x86_64-fedora-clang | 21.0.0 | 5314.82 | WARN | |||
r-devel-linux-x86_64-fedora-gcc | 21.0.0 | 7753.28 | OK | |||
r-devel-windows-x86_64 | 20.0.0.2 | 496.00 | 619.00 | 1115.00 | OK | |
r-patched-linux-x86_64 | 20.0.0.2 | 3840.48 | 235.66 | 4076.14 | OK | |
r-release-linux-x86_64 | 20.0.0.2 | 3821.81 | 237.43 | 4059.24 | OK | |
r-release-macos-arm64 | 20.0.0.2 | 778.00 | OK | |||
r-release-macos-x86_64 | 21.0.0 | 1803.00 | WARN | |||
r-release-windows-x86_64 | 21.0.0 | 433.00 | 584.00 | 1017.00 | OK | |
r-oldrel-macos-arm64 | 20.0.0.2 | 846.00 | NOTE | |||
r-oldrel-macos-x86_64 | 21.0.0 | 1773.00 | NOTE | |||
r-oldrel-windows-x86_64 | 21.0.0 | 377.00 | 738.00 | 1115.00 | NOTE |
Version: 21.0.0
Check: whether package can be installed
Result: WARN
Found the following significant warnings:
<1b>[1m/tmp/RtmpIKnOAD/working_dir/RtmpTk1nXL/file1f98373d1f1843/_deps/thrift-src/lib/cpp/src/thrift/TLogging.h:119:13: <1b>[0m<1b>[0;1;35mwarning: <1b>[0m<1b>[1mtoken pasting of ',' and __VA_ARGS__ is a GNU extension [-Wgnu-zero-variadic-macro-arguments]<1b>[0m
<1b>[0m<1b>[1m/tmp/RtmpIKnOAD/working_dir/RtmpTk1nXL/file1f98373d1f1843/_deps/thrift-src/lib/cpp/src/thrift/TLogging.h:119:13: <1b>[0m<1b>[0;1;35mwarning: <1b>[0m<1b>[1mtoken pasting of ',' and __VA_ARGS__ is a GNU extension [-Wgnu-zero-variadic-macro-arguments]<1b>[0m
<1b>[1m/tmp/RtmpIKnOAD/working_dir/RtmpTk1nXL/file1f98373d1f1843/_deps/thrift-src/lib/cpp/src/thrift/TLogging.h:158:61: <1b>[0m<1b>[0;1;35mwarning: <1b>[0m<1b>[1mtoken pasting of ',' and __VA_ARGS__ is a GNU extension [-Wgnu-zero-variadic-macro-arguments]<1b>[0m
See ‘/data/gannet/ripley/R/packages/tests-clang/arrow.Rcheck/00install.out’ for details.
* used C++ compiler: ‘clang version 20.1.8’
Flavor: r-devel-linux-x86_64-fedora-clang
Version: 21.0.0
Check: PDF version of manual
Result: WARN
LaTeX errors when creating PDF version.
This typically indicates Rd problems.
* checking PDF version of manual without index ...* using check arguments '--no-clean-on-error '
Flavor: r-release-macos-x86_64
Version: 20.0.0.2
Check: installed package size
Result: NOTE
installed size is 117.7Mb
sub-directories of 1Mb or more:
R 5.0Mb
libs 112.1Mb
Flavor: r-oldrel-macos-arm64
Version: 21.0.0
Check: installed package size
Result: NOTE
installed size is 128.4Mb
sub-directories of 1Mb or more:
R 5.1Mb
libs 122.7Mb
Flavors: r-oldrel-macos-x86_64, r-oldrel-windows-x86_64