Last updated on 2025-05-09 04:51:51 CEST.
Flavor | Version | Tinstall | Tcheck | Ttotal | Status | Flags |
---|---|---|---|---|---|---|
r-devel-linux-x86_64-debian-clang | 0.4.1 | 1.86 | 19.04 | 20.90 | NOTE | |
r-devel-linux-x86_64-debian-gcc | 0.4.1 | 1.83 | 15.04 | 16.87 | NOTE | |
r-devel-linux-x86_64-fedora-clang | 0.4.1 | 32.38 | NOTE | |||
r-devel-linux-x86_64-fedora-gcc | 0.4.1 | 31.36 | NOTE | |||
r-devel-windows-x86_64 | 0.4.1 | 4.00 | 41.00 | 45.00 | OK | |
r-patched-linux-x86_64 | 0.4.1 | 1.90 | 17.91 | 19.81 | OK | |
r-release-linux-x86_64 | 0.4.1 | 2.32 | 18.20 | 20.52 | OK | |
r-release-macos-arm64 | 0.4.1 | 18.00 | OK | |||
r-release-macos-x86_64 | 0.4.1 | 26.00 | OK | |||
r-release-windows-x86_64 | 0.4.1 | 4.00 | 43.00 | 47.00 | OK | |
r-oldrel-macos-arm64 | 0.4.1 | 15.00 | OK | |||
r-oldrel-macos-x86_64 | 0.4.1 | 21.00 | OK | |||
r-oldrel-windows-x86_64 | 0.4.1 | 4.00 | 49.00 | 53.00 | OK |
Version: 0.4.1
Check: CRAN incoming feasibility
Result: NOTE
Maintainer: ‘Marco D. Visser <marco.d.visser@gmail.com>’
No Authors@R field in DESCRIPTION.
Please add one, modifying
Authors@R: person(given = c("Marco", "D."),
family = "Visser",
role = c("aut", "cre"),
email = "marco.d.visser@gmail.com")
as necessary.
Flavors: r-devel-linux-x86_64-debian-clang, r-devel-linux-x86_64-debian-gcc
Version: 0.4.1
Check: dependencies in R code
Result: NOTE
Namespace in Imports field not imported from: ‘testthat’
All declared Imports should be used.
Flavors: r-devel-linux-x86_64-fedora-clang, r-devel-linux-x86_64-fedora-gcc