Last updated on 2024-05-02 04:00:05 CEST.
Flavor | Version | Tinstall | Tcheck | Ttotal | Status | Flags |
---|---|---|---|---|---|---|
r-devel-linux-x86_64-debian-clang | 0.2.1 | 2.50 | 30.32 | 32.82 | NOTE | |
r-devel-linux-x86_64-debian-gcc | 0.2.1 | 1.57 | 23.08 | 24.65 | NOTE | |
r-devel-linux-x86_64-fedora-clang | 0.2.1 | 44.17 | NOTE | |||
r-devel-linux-x86_64-fedora-gcc | 0.2.1 | 53.80 | NOTE | |||
r-devel-windows-x86_64 | 0.2.1 | 3.00 | 45.00 | 48.00 | NOTE | |
r-patched-linux-x86_64 | 0.2.1 | 1.97 | 28.94 | 30.91 | NOTE | |
r-release-linux-x86_64 | 0.2.1 | 2.22 | 28.64 | 30.86 | NOTE | |
r-release-macos-arm64 | 0.2.1 | 23.00 | NOTE | |||
r-release-windows-x86_64 | 0.2.1 | 3.00 | 45.00 | 48.00 | NOTE | |
r-oldrel-macos-arm64 | 0.2.1 | 23.00 | NOTE | |||
r-oldrel-macos-x86_64 | 0.2.1 | 37.00 | NOTE | |||
r-oldrel-windows-x86_64 | 0.2.1 | 3.00 | 48.00 | 51.00 | NOTE |
Version: 0.2.1
Check: LazyData
Result: NOTE
'LazyData' is specified without a 'data' directory
Flavors: r-devel-linux-x86_64-debian-clang, r-devel-linux-x86_64-debian-gcc, r-devel-linux-x86_64-fedora-clang, r-devel-linux-x86_64-fedora-gcc, r-devel-windows-x86_64, r-patched-linux-x86_64, r-release-linux-x86_64, r-release-macos-arm64, r-release-windows-x86_64, r-oldrel-macos-arm64, r-oldrel-macos-x86_64, r-oldrel-windows-x86_64