Last updated on 2025-05-16 05:49:01 CEST.
Flavor | Version | Tinstall | Tcheck | Ttotal | Status | Flags |
---|---|---|---|---|---|---|
r-devel-linux-x86_64-debian-clang | 0.1.2 | 19.77 | 165.89 | 185.66 | OK | |
r-devel-linux-x86_64-debian-gcc | 0.1.2 | 12.87 | 114.83 | 127.70 | OK | |
r-devel-linux-x86_64-fedora-clang | 0.1.2 | 292.26 | OK | |||
r-devel-linux-x86_64-fedora-gcc | 0.1.2 | 275.35 | OK | |||
r-devel-windows-x86_64 | 0.1.2 | 18.00 | 143.00 | 161.00 | OK | |
r-patched-linux-x86_64 | 0.1.2 | 19.18 | 154.93 | 174.11 | OK | |
r-release-linux-x86_64 | 0.1.2 | 20.72 | 155.75 | 176.47 | OK | |
r-release-macos-arm64 | 0.1.2 | 6.00 | ERROR | |||
r-release-macos-x86_64 | 0.1.2 | 149.00 | OK | |||
r-release-windows-x86_64 | 0.1.2 | 20.00 | 150.00 | 170.00 | OK | |
r-oldrel-macos-arm64 | 0.1.2 | 74.00 | NOTE | |||
r-oldrel-macos-x86_64 | 0.1.2 | 118.00 | NOTE | |||
r-oldrel-windows-x86_64 | 0.1.2 | 26.00 | 179.00 | 205.00 | NOTE |
Version: 0.1.2
Check: package dependencies
Result: ERROR
Package required but not available: ‘org.Hs.eg.db’
See section ‘The DESCRIPTION file’ in the ‘Writing R Extensions’
manual.
Flavor: r-release-macos-arm64
Version: 0.1.2
Check: LazyData
Result: NOTE
'LazyData' is specified without a 'data' directory
Flavors: r-oldrel-macos-arm64, r-oldrel-macos-x86_64, r-oldrel-windows-x86_64