Last updated on 2025-05-09 04:51:51 CEST.
Flavor | Version | Tinstall | Tcheck | Ttotal | Status | Flags |
---|---|---|---|---|---|---|
r-devel-linux-x86_64-debian-clang | 1.2.1 | 2.92 | 32.86 | 35.78 | NOTE | |
r-devel-linux-x86_64-debian-gcc | 1.2.1 | 1.74 | 26.38 | 28.12 | NOTE | |
r-devel-linux-x86_64-fedora-clang | 1.2.1 | 55.20 | OK | |||
r-devel-linux-x86_64-fedora-gcc | 1.2.1 | 67.69 | OK | |||
r-devel-windows-x86_64 | 1.2.1 | 5.00 | 68.00 | 73.00 | OK | |
r-patched-linux-x86_64 | 1.2.1 | 3.01 | 30.77 | 33.78 | OK | |
r-release-linux-x86_64 | 1.2.1 | 2.84 | 31.16 | 34.00 | OK | |
r-release-macos-arm64 | 1.2.1 | 35.00 | OK | |||
r-release-macos-x86_64 | 1.2.1 | 51.00 | OK | |||
r-release-windows-x86_64 | 1.2.1 | 4.00 | 69.00 | 73.00 | OK | |
r-oldrel-macos-arm64 | 1.2.1 | 27.00 | NOTE | |||
r-oldrel-macos-x86_64 | 1.2.1 | 37.00 | NOTE | |||
r-oldrel-windows-x86_64 | 1.2.1 | 5.00 | 75.00 | 80.00 | NOTE |
Version: 1.2.1
Check: CRAN incoming feasibility
Result: NOTE
Maintainer: ‘Roy Wetherall <rwetherall@gmail.com>’
No Authors@R field in DESCRIPTION.
Please add one, modifying
Authors@R: person(given = "Roy",
family = "Wetherall",
role = c("aut", "cre"),
email = "rwetherall@gmail.com")
as necessary.
Flavors: r-devel-linux-x86_64-debian-clang, r-devel-linux-x86_64-debian-gcc
Version: 1.2.1
Check: LazyData
Result: NOTE
'LazyData' is specified without a 'data' directory
Flavors: r-oldrel-macos-arm64, r-oldrel-macos-x86_64, r-oldrel-windows-x86_64