CRAN Package Check Results for Package adwordsR

Last updated on 2025-05-16 05:49:01 CEST.

Flavor Version Tinstall Tcheck Ttotal Status Flags
r-devel-linux-x86_64-debian-clang 0.3.1 2.21 21.09 23.30 OK
r-devel-linux-x86_64-debian-gcc 0.3.1 1.65 16.48 18.13 OK
r-devel-linux-x86_64-fedora-clang 0.3.1 36.12 OK
r-devel-linux-x86_64-fedora-gcc 0.3.1 33.56 OK
r-devel-windows-x86_64 0.3.1 3.00 45.00 48.00 OK
r-patched-linux-x86_64 0.3.1 2.73 20.27 23.00 OK
r-release-linux-x86_64 0.3.1 2.17 19.98 22.15 OK
r-release-macos-arm64 0.3.1 19.00 OK
r-release-macos-x86_64 0.3.1 26.00 OK
r-release-windows-x86_64 0.3.1 3.00 49.00 52.00 OK
r-oldrel-macos-arm64 0.3.1 16.00 NOTE
r-oldrel-macos-x86_64 0.3.1 21.00 NOTE
r-oldrel-windows-x86_64 0.3.1 3.00 45.00 48.00 NOTE

Check Details

Version: 0.3.1
Check: LazyData
Result: NOTE 'LazyData' is specified without a 'data' directory Flavors: r-oldrel-macos-arm64, r-oldrel-macos-x86_64, r-oldrel-windows-x86_64