Last updated on 2025-04-28 05:49:36 CEST.
Flavor | Version | Tinstall | Tcheck | Ttotal | Status | Flags |
---|---|---|---|---|---|---|
r-devel-linux-x86_64-debian-clang | 0.3 | 5.09 | 53.77 | 58.86 | OK | |
r-devel-linux-x86_64-debian-gcc | 0.3 | 4.57 | 42.15 | 46.72 | NOTE | |
r-devel-linux-x86_64-fedora-clang | 0.3 | 88.16 | OK | |||
r-devel-linux-x86_64-fedora-gcc | 0.3 | 90.26 | OK | |||
r-devel-windows-x86_64 | 0.3 | 7.00 | 79.00 | 86.00 | OK | |
r-patched-linux-x86_64 | 0.3 | 5.25 | 54.89 | 60.14 | OK | |
r-release-linux-x86_64 | 0.3 | 5.45 | 54.51 | 59.96 | OK | |
r-release-macos-arm64 | 0.3 | 31.00 | OK | |||
r-release-macos-x86_64 | 0.3 | 84.00 | OK | |||
r-release-windows-x86_64 | 0.3 | 7.00 | 82.00 | 89.00 | OK | |
r-oldrel-macos-arm64 | 0.3 | 31.00 | OK | |||
r-oldrel-macos-x86_64 | 0.3 | 45.00 | OK | |||
r-oldrel-windows-x86_64 | 0.3 | 8.00 | 90.00 | 98.00 | OK |
Version: 0.3
Check: CRAN incoming feasibility
Result: NOTE
Maintainer: ‘E. F. Haghish <haghish@uio.no>’
No Authors@R field in DESCRIPTION.
Please add one, modifying
Authors@R: person(given = c("E.", "F."),
family = "Haghish",
role = c("aut", "cre"),
email = "haghish@uio.no")
as necessary.
Flavor: r-devel-linux-x86_64-debian-gcc
Version: 0.3
Check: examples
Result: NOTE
Examples with CPU (user + system) or elapsed time > 5s
user system elapsed
boot.adjroc 6.258 0.131 8.043
boot.roc 4.422 0.042 5.577
Flavor: r-devel-linux-x86_64-debian-gcc