Last updated on 2024-08-31 03:48:16 CEST.
Flavor | Version | Tinstall | Tcheck | Ttotal | Status | Flags |
---|---|---|---|---|---|---|
r-devel-linux-x86_64-debian-clang | 1.1-16 | 19.45 | 149.19 | 168.64 | NOTE | |
r-devel-linux-x86_64-debian-gcc | 1.1-16 | 14.88 | 102.38 | 117.26 | NOTE | |
r-devel-linux-x86_64-fedora-clang | 1.1-16 | 261.75 | OK | |||
r-devel-linux-x86_64-fedora-gcc | 1.1-16 | 256.60 | OK | |||
r-devel-windows-x86_64 | 1.1-16 | 23.00 | 166.00 | 189.00 | NOTE | |
r-patched-linux-x86_64 | 1.1-16 | 26.21 | 137.21 | 163.42 | OK | |
r-release-linux-x86_64 | 1.1-16 | 17.05 | 136.52 | 153.57 | OK | |
r-release-macos-arm64 | 1.1-16 | 78.00 | OK | |||
r-release-macos-x86_64 | 1.1-16 | 118.00 | OK | |||
r-release-windows-x86_64 | 1.1-16 | 26.00 | 185.00 | 211.00 | OK | |
r-oldrel-macos-arm64 | 1.1-16 | 73.00 | OK | |||
r-oldrel-macos-x86_64 | 1.1-16 | 161.00 | OK | |||
r-oldrel-windows-x86_64 | 1.1-16 | 30.00 | 204.00 | 234.00 | OK |
Version: 1.1-16
Check: Rd cross-references
Result: NOTE
Found the following Rd file(s) with Rd \link{} targets missing package
anchors:
abouheif.Rd: phylo4d-class
adephylo-package.Rd: phylo4d-class, phylo4-class
bullseye.Rd: phylo4-class, phylo4d-class
distRoot.Rd: phylo4-class, phylo4d-class
distTips.Rd: phylo4-class, phylo4d-class
listDD.Rd: phylo4-class, phylo4d-class
listTips.Rd: phylo4-class, phylo4d-class
miscUtils.Rd: phylo4-class
orthobasis.Rd: phylo4-class, phylo4d-class
orthogram.Rd: phylo4-class, phylo4d-class
ppca.Rd: phylo4d-class, phylo4-class
proxTips.Rd: phylo4-class, phylo4d-class
sp.tips.Rd: phylo4-class, phylo4d-class
table.phylo4d.Rd: phylo4d-class
treePart.Rd: phylo4-class, phylo4d-class
Please provide package anchors for all Rd \link{} targets not in the
package itself and the base packages.
Flavors: r-devel-linux-x86_64-debian-clang, r-devel-linux-x86_64-debian-gcc, r-devel-windows-x86_64