Last updated on 2025-02-20 04:51:03 CET.
Flavor | Version | Tinstall | Tcheck | Ttotal | Status | Flags |
---|---|---|---|---|---|---|
r-devel-linux-x86_64-debian-clang | 0.3.28 | 12.80 | 88.54 | 101.34 | OK | |
r-devel-linux-x86_64-debian-gcc | 0.3.28 | 8.16 | 63.69 | 71.85 | OK | |
r-devel-linux-x86_64-fedora-clang | 0.3.28 | 160.94 | OK | |||
r-devel-linux-x86_64-fedora-gcc | 0.3.28 | 175.70 | OK | |||
r-devel-macos-arm64 | 0.3.28 | 60.00 | OK | |||
r-devel-macos-x86_64 | 0.3.28 | 147.00 | OK | |||
r-devel-windows-x86_64 | 0.3.28 | 17.00 | 131.00 | 148.00 | OK | |
r-patched-linux-x86_64 | 0.3.28 | 14.34 | 83.16 | 97.50 | OK | |
r-release-linux-x86_64 | 0.3.28 | 15.34 | 83.67 | 99.01 | OK | |
r-release-macos-arm64 | 0.3.28 | 61.00 | OK | |||
r-release-macos-x86_64 | 0.3.28 | 126.00 | OK | |||
r-release-windows-x86_64 | 0.3.28 | 17.00 | 3.00 | 20.00 | FAIL | |
r-oldrel-macos-arm64 | 0.3.28 | 92.00 | OK | |||
r-oldrel-macos-x86_64 | 0.3.28 | 183.00 | OK | |||
r-oldrel-windows-x86_64 | 0.3.28 | 21.00 | 165.00 | 186.00 | OK |
Version: 0.3.28
Check: package dependencies
Result: FAIL
Flavor: r-release-windows-x86_64