Last updated on 2024-05-02 04:00:05 CEST.
Flavor | Version | Tinstall | Tcheck | Ttotal | Status | Flags |
---|---|---|---|---|---|---|
r-devel-linux-x86_64-debian-clang | 1.0.2 | 6.61 | 60.75 | 67.36 | NOTE | |
r-devel-linux-x86_64-debian-gcc | 1.0.2 | 4.89 | 43.27 | 48.16 | NOTE | |
r-devel-linux-x86_64-fedora-clang | 1.0.2 | 82.36 | NOTE | |||
r-devel-linux-x86_64-fedora-gcc | 1.0.2 | 80.82 | NOTE | |||
r-devel-windows-x86_64 | 1.0.2 | 5.00 | 62.00 | 67.00 | NOTE | |
r-patched-linux-x86_64 | 1.0.2 | 4.79 | 58.98 | 63.77 | NOTE | |
r-release-linux-x86_64 | 1.0.2 | 4.44 | 58.36 | 62.80 | NOTE | |
r-release-macos-arm64 | 1.0.2 | 26.00 | NOTE | |||
r-release-windows-x86_64 | 1.0.2 | 5.00 | 65.00 | 70.00 | NOTE | |
r-oldrel-macos-arm64 | 1.0.2 | 27.00 | OK | |||
r-oldrel-macos-x86_64 | 1.0.2 | 54.00 | OK | |||
r-oldrel-windows-x86_64 | 1.0.2 | 8.00 | 73.00 | 81.00 | OK |
Version: 1.0.2
Check: Rd files
Result: NOTE
checkRd: (-1) est_S_Plus_Plus_MethodA.Rd:31: Lost braces; missing escapes or markup?
31 | \item{trt_diff}{Estimate of treatment difference for S_{++} using Method A}
| ^
checkRd: (-1) est_S_Plus_Plus_MethodB.Rd:31: Lost braces; missing escapes or markup?
31 | \item{trt_diff}{Estimate of treatment difference for S_{++} using Method B}
| ^
checkRd: (-1) est_S_Star_Plus_MethodA.Rd:29: Lost braces; missing escapes or markup?
29 | \item{trt_diff}{Estimate of treatment difference for S_{++} using Method A}
| ^
checkRd: (-1) est_S_Star_Plus_MethodB.Rd:29: Lost braces; missing escapes or markup?
29 | \item{trt_diff}{Estimate of treatment difference for S_{*+} using Method B}
| ^
Flavors: r-devel-linux-x86_64-debian-clang, r-devel-linux-x86_64-debian-gcc, r-devel-linux-x86_64-fedora-clang, r-devel-linux-x86_64-fedora-gcc, r-devel-windows-x86_64, r-patched-linux-x86_64, r-release-linux-x86_64, r-release-macos-arm64, r-release-windows-x86_64