Last updated on 2025-07-25 05:49:15 CEST.
Flavor | Version | Tinstall | Tcheck | Ttotal | Status | Flags |
---|---|---|---|---|---|---|
r-devel-linux-x86_64-debian-clang | 0.2.3 | 3.91 | 100.61 | 104.52 | OK | |
r-devel-linux-x86_64-debian-gcc | 0.2.3 | 2.71 | 66.51 | 69.22 | OK | |
r-devel-linux-x86_64-fedora-clang | 0.2.3 | 164.33 | OK | |||
r-devel-linux-x86_64-fedora-gcc | 0.2.3 | 148.86 | OK | |||
r-devel-windows-x86_64 | 0.2.3 | 6.00 | 119.00 | 125.00 | OK | |
r-patched-linux-x86_64 | 0.2.3 | 3.20 | 89.53 | 92.73 | OK | |
r-release-linux-x86_64 | 0.2.3 | 3.82 | 88.76 | 92.58 | OK | |
r-release-macos-arm64 | 0.2.3 | 49.00 | OK | |||
r-release-macos-x86_64 | 0.2.3 | 80.00 | OK | |||
r-release-windows-x86_64 | 0.2.3 | 5.00 | 114.00 | 119.00 | OK | |
r-oldrel-macos-arm64 | 0.2.3 | 55.00 | NOTE | |||
r-oldrel-macos-x86_64 | 0.2.3 | 86.00 | NOTE | |||
r-oldrel-windows-x86_64 | 0.2.3 | 7.00 | 143.00 | 150.00 | NOTE |
Version: 0.2.3
Check: LazyData
Result: NOTE
'LazyData' is specified without a 'data' directory
Flavors: r-oldrel-macos-arm64, r-oldrel-macos-x86_64, r-oldrel-windows-x86_64