Last updated on 2024-05-02 04:00:05 CEST.
Flavor | Version | Tinstall | Tcheck | Ttotal | Status | Flags |
---|---|---|---|---|---|---|
r-devel-linux-x86_64-debian-clang | 1.4 | 12.54 | 128.88 | 141.42 | NOTE | |
r-devel-linux-x86_64-debian-gcc | 1.4 | 10.63 | 97.08 | 107.71 | NOTE | |
r-devel-linux-x86_64-fedora-clang | 1.4 | 178.07 | NOTE | |||
r-devel-linux-x86_64-fedora-gcc | 1.4 | 171.96 | NOTE | |||
r-devel-windows-x86_64 | 1.4 | 13.00 | 107.00 | 120.00 | NOTE | |
r-patched-linux-x86_64 | 1.4 | 21.07 | 120.97 | 142.04 | NOTE | |
r-release-linux-x86_64 | 1.4 | 12.36 | 120.44 | 132.80 | NOTE | |
r-release-macos-arm64 | 1.4 | 52.00 | NOTE | |||
r-release-windows-x86_64 | 1.4 | 12.00 | 108.00 | 120.00 | NOTE | |
r-oldrel-macos-arm64 | 1.4 | 39.00 | OK | |||
r-oldrel-macos-x86_64 | 1.4 | 64.00 | OK | |||
r-oldrel-windows-x86_64 | 1.4 | 18.00 | 133.00 | 151.00 | OK |
Version: 1.4
Check: Rd files
Result: NOTE
checkRd: (-1) accelimp.Rd:15: Lost braces
15 | \item[]{...}
| ^
Flavors: r-devel-linux-x86_64-debian-clang, r-devel-linux-x86_64-debian-gcc, r-devel-linux-x86_64-fedora-clang, r-devel-linux-x86_64-fedora-gcc, r-devel-windows-x86_64, r-patched-linux-x86_64, r-release-linux-x86_64, r-release-macos-arm64, r-release-windows-x86_64
Version: 1.4
Check: for non-standard things in the check directory
Result: NOTE
Found the following files/directories:
‘acceldata2.RData’
Flavors: r-devel-linux-x86_64-debian-clang, r-devel-linux-x86_64-debian-gcc, r-devel-linux-x86_64-fedora-clang, r-devel-linux-x86_64-fedora-gcc, r-patched-linux-x86_64, r-release-linux-x86_64