CRAN Package Check Results for Package abima

Last updated on 2025-02-20 04:51:03 CET.

Flavor Version Tinstall Tcheck Ttotal Status Flags
r-devel-linux-x86_64-debian-clang 1.1 2.12 27.00 29.12 OK
r-devel-linux-x86_64-debian-gcc 1.1 1.69 19.63 21.32 OK
r-devel-linux-x86_64-fedora-clang 1.1 46.92 OK
r-devel-linux-x86_64-fedora-gcc 1.1 45.07 OK
r-devel-macos-arm64 1.1 19.00 OK
r-devel-macos-x86_64 1.1 30.00 OK
r-devel-windows-x86_64 1.1 4.00 48.00 52.00 OK
r-patched-linux-x86_64 1.1 2.04 25.00 27.04 OK
r-release-linux-x86_64 1.1 1.62 25.34 26.96 OK
r-release-macos-arm64 1.1 18.00 OK
r-release-macos-x86_64 1.1 42.00 OK
r-release-windows-x86_64 1.1 4.00 3.00 7.00 FAIL
r-oldrel-macos-arm64 1.1 21.00 OK
r-oldrel-macos-x86_64 1.1 38.00 OK
r-oldrel-windows-x86_64 1.1 4.00 52.00 56.00 OK

Check Details

Version: 1.1
Check: package dependencies
Result: FAIL
Flavor: r-release-windows-x86_64