Last updated on 2025-02-20 04:51:04 CET.
Flavor | Version | Tinstall | Tcheck | Ttotal | Status | Flags |
---|---|---|---|---|---|---|
r-devel-linux-x86_64-debian-clang | 1.0 | 34.23 | 296.62 | 330.85 | OK | |
r-devel-linux-x86_64-debian-gcc | 1.0 | 21.17 | 223.34 | 244.51 | OK | |
r-devel-linux-x86_64-fedora-clang | 1.0 | 539.52 | OK | |||
r-devel-linux-x86_64-fedora-gcc | 1.0 | 526.33 | OK | |||
r-devel-macos-arm64 | 1.0 | 145.00 | OK | |||
r-devel-macos-x86_64 | 1.0 | 257.00 | OK | |||
r-devel-windows-x86_64 | 1.0 | 34.00 | 249.00 | 283.00 | OK | |
r-patched-linux-x86_64 | 1.0 | 27.91 | 274.00 | 301.91 | OK | |
r-release-linux-x86_64 | 1.0 | 30.18 | 274.88 | 305.06 | OK | |
r-release-macos-arm64 | 1.0 | 128.00 | OK | |||
r-release-macos-x86_64 | 1.0 | 207.00 | OK | |||
r-release-windows-x86_64 | 1.0 | 9.00 | 6.00 | 15.00 | ERROR | |
r-oldrel-macos-arm64 | 1.0 | 126.00 | OK | |||
r-oldrel-macos-x86_64 | 1.0 | 266.00 | OK | |||
r-oldrel-windows-x86_64 | 1.0 | 42.00 | 315.00 | 357.00 | OK |
Version: 1.0
Check: whether package can be installed
Result: ERROR
Installation failed.
Flavor: r-release-windows-x86_64