Last updated on 2024-05-02 04:00:40 CEST.
Flavor | Version | Tinstall | Tcheck | Ttotal | Status | Flags |
---|---|---|---|---|---|---|
r-devel-linux-x86_64-debian-clang | 0.2.1 | 6.69 | 48.15 | 54.84 | OK | |
r-devel-linux-x86_64-debian-gcc | 0.2.1 | 5.40 | 36.74 | 42.14 | OK | |
r-devel-linux-x86_64-fedora-clang | 0.2.1 | 68.57 | NOTE | |||
r-devel-linux-x86_64-fedora-gcc | 0.2.1 | 68.73 | NOTE | |||
r-devel-windows-x86_64 | 0.2.1 | 8.00 | 56.00 | 64.00 | OK | |
r-patched-linux-x86_64 | 0.2.1 | 4.33 | 45.53 | 49.86 | OK | |
r-release-linux-x86_64 | 0.2.1 | 4.29 | 46.64 | 50.93 | OK | |
r-release-macos-arm64 | 0.2.1 | 25.00 | OK | |||
r-release-macos-x86_64 | 0.2.1 | 47.00 | OK | |||
r-release-windows-x86_64 | 0.2.1 | 9.00 | 58.00 | 67.00 | OK | |
r-oldrel-macos-arm64 | 0.2.1 | 31.00 | OK | |||
r-oldrel-macos-x86_64 | 0.2.1 | 47.00 | OK | |||
r-oldrel-windows-x86_64 | 0.2.1 | 10.00 | 60.00 | 70.00 | OK |
Version: 0.2.1
Check: data for non-ASCII characters
Result: NOTE
Note: found 9378 marked UTF-8 strings
Flavors: r-devel-linux-x86_64-fedora-clang, r-devel-linux-x86_64-fedora-gcc