Last updated on 2024-05-02 04:00:40 CEST.
Flavor | Version | Tinstall | Tcheck | Ttotal | Status | Flags |
---|---|---|---|---|---|---|
r-devel-linux-x86_64-debian-clang | 0.1.0 | 8.22 | 62.86 | 71.08 | NOTE | |
r-devel-linux-x86_64-debian-gcc | 0.1.0 | 6.83 | 46.01 | 52.84 | NOTE | |
r-devel-linux-x86_64-fedora-clang | 0.1.0 | 87.55 | NOTE | |||
r-devel-linux-x86_64-fedora-gcc | 0.1.0 | 83.91 | NOTE | |||
r-devel-windows-x86_64 | 0.1.0 | 7.00 | 63.00 | 70.00 | NOTE | |
r-patched-linux-x86_64 | 0.1.0 | 5.32 | 58.11 | 63.43 | NOTE | |
r-release-linux-x86_64 | 0.1.0 | 5.55 | 59.30 | 64.85 | NOTE | |
r-release-macos-arm64 | 0.1.0 | 30.00 | NOTE | |||
r-release-windows-x86_64 | 0.1.0 | 8.00 | 64.00 | 72.00 | NOTE | |
r-oldrel-macos-arm64 | 0.1.0 | 29.00 | OK | |||
r-oldrel-macos-x86_64 | 0.1.0 | 44.00 | OK | |||
r-oldrel-windows-x86_64 | 0.1.0 | 11.00 | 71.00 | 82.00 | OK |
Version: 0.1.0
Check: Rd files
Result: NOTE
checkRd: (-1) busTrace.Rd:15: Lost braces
15 | /href{https://crawdad.org/coppe-ufrj/RioBuses/20180319/}
| ^
Flavors: r-devel-linux-x86_64-debian-clang, r-devel-linux-x86_64-debian-gcc, r-devel-linux-x86_64-fedora-clang, r-devel-linux-x86_64-fedora-gcc, r-devel-windows-x86_64, r-patched-linux-x86_64, r-release-linux-x86_64, r-release-macos-arm64, r-release-windows-x86_64