Last updated on 2025-02-20 04:51:34 CET.
Flavor | Version | Tinstall | Tcheck | Ttotal | Status | Flags |
---|---|---|---|---|---|---|
r-devel-linux-x86_64-debian-clang | 0.1.2 | 6.18 | 53.07 | 59.25 | OK | |
r-devel-linux-x86_64-debian-gcc | 0.1.2 | 4.27 | 39.13 | 43.40 | OK | |
r-devel-linux-x86_64-fedora-clang | 0.1.2 | 90.31 | OK | |||
r-devel-linux-x86_64-fedora-gcc | 0.1.2 | 84.88 | OK | |||
r-devel-macos-arm64 | 0.1.2 | 28.00 | OK | |||
r-devel-macos-x86_64 | 0.1.2 | 54.00 | OK | |||
r-devel-windows-x86_64 | 0.1.2 | 9.00 | 66.00 | 75.00 | OK | |
r-patched-linux-x86_64 | 0.1.2 | 6.07 | 48.19 | 54.26 | OK | |
r-release-linux-x86_64 | 0.1.2 | 5.77 | 48.05 | 53.82 | OK | |
r-release-macos-arm64 | 0.1.2 | 28.00 | OK | |||
r-release-macos-x86_64 | 0.1.2 | 42.00 | OK | |||
r-release-windows-x86_64 | 0.1.2 | 8.00 | 3.00 | 11.00 | FAIL | |
r-oldrel-macos-arm64 | 0.1.2 | 30.00 | OK | |||
r-oldrel-macos-x86_64 | 0.1.2 | 45.00 | OK | |||
r-oldrel-windows-x86_64 | 0.1.2 | 9.00 | 74.00 | 83.00 | OK |
Version: 0.1.2
Check: package dependencies
Result: FAIL
Flavor: r-release-windows-x86_64