Last updated on 2024-05-02 04:00:40 CEST.
Flavor | Version | Tinstall | Tcheck | Ttotal | Status | Flags |
---|---|---|---|---|---|---|
r-devel-linux-x86_64-debian-clang | 0.1.3 | 138.88 | 67.32 | 206.20 | NOTE | |
r-devel-linux-x86_64-debian-gcc | 0.1.3 | 110.42 | 50.75 | 161.17 | NOTE | |
r-devel-linux-x86_64-fedora-clang | 0.1.3 | 306.93 | NOTE | |||
r-devel-linux-x86_64-fedora-gcc | 0.1.3 | 297.85 | NOTE | |||
r-devel-windows-x86_64 | 0.1.3 | 105.00 | 85.00 | 190.00 | NOTE | |
r-patched-linux-x86_64 | 0.1.3 | 139.62 | 63.56 | 203.18 | NOTE | |
r-release-linux-x86_64 | 0.1.3 | 136.69 | 62.90 | 199.59 | NOTE | |
r-release-macos-arm64 | 0.1.3 | 53.00 | NOTE | |||
r-release-windows-x86_64 | 0.1.3 | 113.00 | 87.00 | 200.00 | NOTE | |
r-oldrel-macos-arm64 | 0.1.3 | 76.00 | NOTE | |||
r-oldrel-macos-x86_64 | 0.1.3 | 119.00 | NOTE | |||
r-oldrel-windows-x86_64 | 0.1.3 | 137.00 | 105.00 | 242.00 | NOTE |
Version: 0.1.3
Check: C++ specification
Result: NOTE
Specified C++11: please drop specification unless essential
Flavors: r-devel-linux-x86_64-debian-clang, r-devel-linux-x86_64-debian-gcc, r-devel-linux-x86_64-fedora-clang, r-devel-linux-x86_64-fedora-gcc, r-devel-windows-x86_64, r-patched-linux-x86_64, r-release-linux-x86_64, r-release-macos-arm64, r-release-windows-x86_64, r-oldrel-macos-arm64, r-oldrel-macos-x86_64, r-oldrel-windows-x86_64
Version: 0.1.3
Check: installed package size
Result: NOTE
installed size is 5.1Mb
sub-directories of 1Mb or more:
libs 5.0Mb
Flavor: r-oldrel-macos-arm64