Last updated on 2025-07-21 05:51:15 CEST.
Flavor | Version | Tinstall | Tcheck | Ttotal | Status | Flags |
---|---|---|---|---|---|---|
r-devel-linux-x86_64-debian-clang | 1.7.3 | 6.59 | 53.33 | 59.92 | NOTE | |
r-devel-linux-x86_64-debian-gcc | 1.7.3 | 4.39 | 37.00 | 41.39 | NOTE | |
r-devel-linux-x86_64-fedora-clang | 1.7.3 | 94.08 | OK | |||
r-devel-linux-x86_64-fedora-gcc | 1.7.3 | 87.94 | OK | |||
r-devel-windows-x86_64 | 1.7.3 | 7.00 | 70.00 | 77.00 | OK | |
r-patched-linux-x86_64 | 1.7.3 | 6.59 | 50.16 | 56.75 | OK | |
r-release-linux-x86_64 | 1.7.3 | 5.39 | 49.31 | 54.70 | OK | |
r-release-macos-arm64 | 1.7.3 | 31.00 | OK | |||
r-release-macos-x86_64 | 1.7.3 | 62.00 | OK | |||
r-release-windows-x86_64 | 1.7.3 | 6.00 | 72.00 | 78.00 | OK | |
r-oldrel-macos-arm64 | 1.7.3 | 31.00 | OK | |||
r-oldrel-macos-x86_64 | 1.7.3 | 55.00 | OK | |||
r-oldrel-windows-x86_64 | 1.7.3 | 11.00 | 86.00 | 97.00 | OK |
Version: 1.7.3
Check: CRAN incoming feasibility
Result: NOTE
Maintainer: ‘Paul Boutros <pboutros@mednet.ucla.edu>’
No Authors@R field in DESCRIPTION.
Please add one, modifying
Authors@R: c(person(given = "Hanbo",
family = "Chen",
role = "aut"),
person(given = "Paul",
family = "Boutros",
role = "cre",
email = "pboutros@mednet.ucla.edu"))
as necessary.
Flavors: r-devel-linux-x86_64-debian-clang, r-devel-linux-x86_64-debian-gcc