CRAN Package Check Results for Package VUROCS

Last updated on 2025-02-20 04:51:34 CET.

Flavor Version Tinstall Tcheck Ttotal Status Flags
r-devel-linux-x86_64-debian-clang 1.0 55.03 26.43 81.46 NOTE
r-devel-linux-x86_64-debian-gcc 1.0 36.28 20.53 56.81 NOTE
r-devel-linux-x86_64-fedora-clang 1.0 171.75 NOTE
r-devel-linux-x86_64-fedora-gcc 1.0 145.20 NOTE
r-devel-macos-arm64 1.0 39.00 NOTE
r-devel-macos-x86_64 1.0 53.00 NOTE
r-devel-windows-x86_64 1.0 60.00 68.00 128.00 NOTE
r-patched-linux-x86_64 1.0 52.95 24.68 77.63 NOTE
r-release-linux-x86_64 1.0 51.74 24.49 76.23 NOTE
r-release-macos-arm64 1.0 37.00 NOTE
r-release-macos-x86_64 1.0 41.00 NOTE
r-release-windows-x86_64 1.0 60.00 3.00 63.00 FAIL
r-oldrel-macos-arm64 1.0 44.00 NOTE
r-oldrel-macos-x86_64 1.0 72.00 NOTE
r-oldrel-windows-x86_64 1.0 73.00 72.00 145.00 NOTE

Check Details

Version: 1.0
Check: C++ specification
Result: NOTE Specified C++11: please drop specification unless essential Flavors: r-devel-linux-x86_64-debian-clang, r-devel-linux-x86_64-debian-gcc, r-devel-linux-x86_64-fedora-clang, r-devel-linux-x86_64-fedora-gcc, r-devel-macos-arm64, r-devel-macos-x86_64, r-devel-windows-x86_64, r-patched-linux-x86_64, r-release-linux-x86_64, r-release-macos-arm64, r-release-macos-x86_64, r-oldrel-macos-arm64, r-oldrel-macos-x86_64, r-oldrel-windows-x86_64

Version: 1.0
Check: package dependencies
Result: FAIL
Flavor: r-release-windows-x86_64