CRAN Package Check Results for Package VALIDICLUST

Last updated on 2025-07-03 04:51:12 CEST.

Flavor Version Tinstall Tcheck Ttotal Status Flags
r-devel-linux-x86_64-debian-clang 0.1.0 3.76 33.52 37.28 NOTE
r-devel-linux-x86_64-debian-gcc 0.1.0 2.71 25.61 28.32 NOTE
r-devel-linux-x86_64-fedora-clang 0.1.0 58.33 OK
r-devel-linux-x86_64-fedora-gcc 0.1.0 52.32 OK
r-devel-windows-x86_64 0.1.0 5.00 49.00 54.00 OK
r-patched-linux-x86_64 0.1.0 3.74 30.20 33.94 OK
r-release-linux-x86_64 0.1.0 3.32 30.75 34.07 OK
r-release-macos-arm64 0.1.0 21.00 OK
r-release-macos-x86_64 0.1.0 34.00 OK
r-release-windows-x86_64 0.1.0 5.00 50.00 55.00 OK
r-oldrel-macos-arm64 0.1.0 20.00 OK
r-oldrel-macos-x86_64 0.1.0 29.00 OK
r-oldrel-windows-x86_64 0.1.0 6.00 74.00 80.00 OK

Check Details

Version: 0.1.0
Check: CRAN incoming feasibility
Result: NOTE Maintainer: ‘Benjamin Hivert <benjamin.hivert@u-bordeaux.fr>’ No Authors@R field in DESCRIPTION. Please add one, modifying Authors@R: person(given = "Benjamin", family = "Hivert", role = c("aut", "cre"), email = "benjamin.hivert@u-bordeaux.fr") as necessary. The Description field contains practical considerations", <arXiv:2210.13172>. Please refer to arXiv e-prints via their arXiv DOI <doi:10.48550/arXiv.YYMM.NNNNN>. Flavors: r-devel-linux-x86_64-debian-clang, r-devel-linux-x86_64-debian-gcc