Last updated on 2025-06-30 05:48:42 CEST.
Flavor | Version | Tinstall | Tcheck | Ttotal | Status | Flags |
---|---|---|---|---|---|---|
r-devel-linux-x86_64-debian-clang | 1.0.0 | 25.68 | 187.50 | 213.18 | OK | |
r-devel-linux-x86_64-debian-gcc | 1.0.0 | 14.67 | 129.94 | 144.61 | OK | |
r-devel-linux-x86_64-fedora-clang | 1.0.0 | 329.92 | OK | |||
r-devel-linux-x86_64-fedora-gcc | 1.0.0 | 311.62 | OK | |||
r-devel-windows-x86_64 | 1.0.0 | 26.00 | 178.00 | 204.00 | OK | |
r-patched-linux-x86_64 | OK | |||||
r-release-linux-x86_64 | 1.0.0 | 22.90 | 171.46 | 194.36 | OK | |
r-release-macos-arm64 | 1.0.0 | 81.00 | OK | |||
r-release-macos-x86_64 | 1.0.0 | 148.00 | OK | |||
r-release-windows-x86_64 | 1.0.0 | 23.00 | 175.00 | 198.00 | OK | |
r-oldrel-macos-arm64 | 1.0.0 | 92.00 | NOTE | |||
r-oldrel-macos-x86_64 | 1.0.0 | 127.00 | NOTE | |||
r-oldrel-windows-x86_64 | 1.0.0 | 33.00 | 420.00 | 453.00 | NOTE |
Version: 1.0.0
Check: installed package size
Result: NOTE
installed size is 5.4Mb
sub-directories of 1Mb or more:
R 1.8Mb
help 2.6Mb
Flavors: r-oldrel-macos-arm64, r-oldrel-macos-x86_64, r-oldrel-windows-x86_64