CRAN Package Check Results for Package UStatBookABSC

Last updated on 2025-07-03 04:51:12 CEST.

Flavor Version Tinstall Tcheck Ttotal Status Flags
r-devel-linux-x86_64-debian-clang 1.0.0 1.66 18.04 19.70 NOTE
r-devel-linux-x86_64-debian-gcc 1.0.0 1.35 14.88 16.23 NOTE
r-devel-linux-x86_64-fedora-clang 1.0.0 31.89 OK
r-devel-linux-x86_64-fedora-gcc 1.0.0 28.98 OK
r-devel-windows-x86_64 1.0.0 3.00 39.00 42.00 OK
r-patched-linux-x86_64 1.0.0 1.56 16.88 18.44 OK
r-release-linux-x86_64 1.0.0 1.63 16.80 18.43 OK
r-release-macos-arm64 1.0.0 17.00 OK
r-release-macos-x86_64 1.0.0 23.00 OK
r-release-windows-x86_64 1.0.0 3.00 46.00 49.00 OK
r-oldrel-macos-arm64 1.0.0 15.00 OK
r-oldrel-macos-x86_64 1.0.0 19.00 OK
r-oldrel-windows-x86_64 1.0.0 3.00 42.00 45.00 OK

Check Details

Version: 1.0.0
Check: CRAN incoming feasibility
Result: NOTE Maintainer: ‘Snigdhansu Chatterjee <chatt019@umn.edu>’ No Authors@R field in DESCRIPTION. Please add one, modifying Authors@R: person(given = "Snigdhansu", family = "Chatterjee", role = c("aut", "cre"), email = "chatt019@umn.edu") as necessary. Flavors: r-devel-linux-x86_64-debian-clang, r-devel-linux-x86_64-debian-gcc