CRAN Package Check Results for Package USgrid

Last updated on 2025-05-09 04:52:13 CEST.

Flavor Version Tinstall Tcheck Ttotal Status Flags
r-devel-linux-x86_64-debian-clang 0.1.2 2.75 28.18 30.93 OK
r-devel-linux-x86_64-debian-gcc 0.1.2 2.39 22.48 24.87 OK
r-devel-linux-x86_64-fedora-clang 0.1.2 45.24 NOTE
r-devel-linux-x86_64-fedora-gcc 0.1.2 43.27 NOTE
r-devel-windows-x86_64 0.1.2 4.00 53.00 57.00 OK
r-patched-linux-x86_64 0.1.2 3.07 25.35 28.42 OK
r-release-linux-x86_64 0.1.2 2.93 25.72 28.65 OK
r-release-macos-arm64 0.1.2 20.00 OK
r-release-macos-x86_64 0.1.2 39.00 OK
r-release-windows-x86_64 0.1.2 5.00 152.00 157.00 OK
r-oldrel-macos-arm64 0.1.2 21.00 OK
r-oldrel-macos-x86_64 0.1.2 29.00 OK
r-oldrel-windows-x86_64 0.1.2 6.00 59.00 65.00 OK

Check Details

Version: 0.1.2
Check: dependencies in R code
Result: NOTE Namespace in Imports field not imported from: ‘tsibble’ All declared Imports should be used. Flavors: r-devel-linux-x86_64-fedora-clang, r-devel-linux-x86_64-fedora-gcc