Last updated on 2024-05-02 04:00:38 CEST.
Flavor | Version | Tinstall | Tcheck | Ttotal | Status | Flags |
---|---|---|---|---|---|---|
r-devel-linux-x86_64-debian-clang | 1.1.4 | 13.84 | 115.90 | 129.74 | OK | |
r-devel-linux-x86_64-debian-gcc | 1.1.4 | 8.71 | 91.15 | 99.86 | OK | |
r-devel-linux-x86_64-fedora-clang | 1.1.4 | 167.66 | OK | |||
r-devel-linux-x86_64-fedora-gcc | 1.1.4 | 182.19 | OK | |||
r-devel-windows-x86_64 | 1.1.4 | 11.00 | 118.00 | 129.00 | OK | |
r-patched-linux-x86_64 | 1.1.3 | 12.31 | 113.48 | 125.79 | NOTE | |
r-release-linux-x86_64 | 1.1.3 | 10.85 | 115.35 | 126.20 | NOTE | |
r-release-macos-arm64 | 1.1.4 | 58.00 | OK | |||
r-release-macos-x86_64 | 1.1.4 | 160.00 | OK | |||
r-release-windows-x86_64 | 1.1.4 | 11.00 | 130.00 | 141.00 | OK | |
r-oldrel-macos-arm64 | 1.1.4 | 64.00 | OK | |||
r-oldrel-macos-x86_64 | 1.1.4 | 162.00 | OK | |||
r-oldrel-windows-x86_64 | 1.1.4 | 11.00 | 132.00 | 143.00 | OK |
Version: 1.1.3
Check: Rd files
Result: NOTE
checkRd: (-1) 01-dataObjects.Rd:18-19: Lost braces
18 | \item \code{sigma}{: A list of length five; each entry is a covariance matrix
| ^
checkRd: (-1) 01-dataObjects.Rd:20-23: Lost braces
20 | \item \code{savedSims}{: A list of length five; each entry is a
| ^
checkRd: (-1) 01-dataObjects.Rd:24-26: Lost braces
24 | \item \code{savedReap}{: A list of length five; each entry is a
| ^
Flavors: r-patched-linux-x86_64, r-release-linux-x86_64