Last updated on 2025-02-20 04:51:32 CET.
Flavor | Version | Tinstall | Tcheck | Ttotal | Status | Flags |
---|---|---|---|---|---|---|
r-devel-linux-x86_64-debian-clang | 0.1.3 | 9.23 | 72.66 | 81.89 | OK | |
r-devel-linux-x86_64-debian-gcc | 0.1.3 | 6.23 | 53.86 | 60.09 | OK | |
r-devel-linux-x86_64-fedora-clang | 0.1.3 | 126.02 | OK | |||
r-devel-linux-x86_64-fedora-gcc | 0.1.3 | 118.95 | OK | |||
r-devel-macos-arm64 | 0.1.3 | 41.00 | OK | |||
r-devel-macos-x86_64 | 0.1.3 | 83.00 | OK | |||
r-devel-windows-x86_64 | 0.1.3 | 9.00 | 92.00 | 101.00 | OK | |
r-patched-linux-x86_64 | 0.1.3 | 8.30 | 67.48 | 75.78 | OK | |
r-release-linux-x86_64 | 0.1.3 | 8.14 | 66.28 | 74.42 | OK | |
r-release-macos-arm64 | 0.1.3 | 42.00 | OK | |||
r-release-macos-x86_64 | 0.1.3 | 102.00 | OK | |||
r-release-windows-x86_64 | 0.1.3 | 9.00 | 3.00 | 12.00 | FAIL | |
r-oldrel-macos-arm64 | 0.1.1 | 27.00 | OK | |||
r-oldrel-macos-x86_64 | 0.1.1 | 49.00 | OK | |||
r-oldrel-windows-x86_64 | 0.1.1 | 6.00 | 61.00 | 67.00 | OK |
Version: 0.1.3
Check: package dependencies
Result: FAIL
Flavor: r-release-windows-x86_64