Last updated on 2025-05-15 05:50:39 CEST.
Flavor | Version | Tinstall | Tcheck | Ttotal | Status | Flags |
---|---|---|---|---|---|---|
r-devel-linux-x86_64-debian-clang | 1.7.0 | 105.69 | 360.91 | 466.60 | OK | |
r-devel-linux-x86_64-debian-gcc | 1.7.0 | 74.84 | 230.60 | 305.44 | OK | |
r-devel-linux-x86_64-fedora-clang | 1.7.0 | 786.49 | OK | |||
r-devel-linux-x86_64-fedora-gcc | 1.7.0 | 806.45 | OK | |||
r-devel-windows-x86_64 | 1.7.0 | 119.00 | 445.00 | 564.00 | OK | |
r-patched-linux-x86_64 | 1.7.0 | 109.49 | 344.85 | 454.34 | OK | |
r-release-linux-x86_64 | 1.7.0 | 101.11 | 343.82 | 444.93 | OK | |
r-release-macos-arm64 | 1.7.0 | 310.00 | OK | |||
r-release-macos-x86_64 | 1.7.0 | 404.00 | OK | |||
r-release-windows-x86_64 | 1.7.0 | 120.00 | 423.00 | 543.00 | OK | |
r-oldrel-macos-arm64 | 1.7.0 | 193.00 | NOTE | |||
r-oldrel-macos-x86_64 | 1.7.0 | 555.00 | NOTE | |||
r-oldrel-windows-x86_64 | 1.7.0 | 145.00 | 513.00 | 658.00 | NOTE |
Version: 1.7.0
Check: package dependencies
Result: NOTE
Package suggested but not available for checking: ‘gurobi’
Flavors: r-oldrel-macos-arm64, r-oldrel-macos-x86_64, r-oldrel-windows-x86_64
Version: 1.7.0
Check: installed package size
Result: NOTE
installed size is 9.1Mb
sub-directories of 1Mb or more:
libs 6.5Mb
Flavors: r-oldrel-macos-arm64, r-oldrel-macos-x86_64