Last updated on 2024-05-02 04:00:37 CEST.
Flavor | Version | Tinstall | Tcheck | Ttotal | Status | Flags |
---|---|---|---|---|---|---|
r-devel-linux-x86_64-debian-clang | 2.3.1 | 10.71 | 175.01 | 185.72 | OK | |
r-devel-linux-x86_64-debian-gcc | 2.3.1 | 7.79 | 137.46 | 145.25 | OK | |
r-devel-linux-x86_64-fedora-clang | 2.3.1 | 238.39 | NOTE | |||
r-devel-linux-x86_64-fedora-gcc | 2.3.1 | 243.22 | OK | |||
r-devel-windows-x86_64 | 2.3.1 | 10.00 | 143.00 | 153.00 | NOTE | |
r-patched-linux-x86_64 | 2.3.1 | 14.25 | 169.48 | 183.73 | OK | |
r-release-linux-x86_64 | 2.3.1 | 8.42 | 168.20 | 176.62 | OK | |
r-release-macos-arm64 | 2.3.1 | 53.00 | NOTE | |||
r-release-macos-x86_64 | 2.3.1 | 133.00 | NOTE | |||
r-release-windows-x86_64 | 2.3.1 | 10.00 | 151.00 | 161.00 | NOTE | |
r-oldrel-macos-arm64 | 2.3.1 | 63.00 | NOTE | |||
r-oldrel-macos-x86_64 | 2.3.1 | 117.00 | NOTE | |||
r-oldrel-windows-x86_64 | 2.3.1 | 11.00 | 168.00 | 179.00 | NOTE |
Version: 2.3.1
Check: installed package size
Result: NOTE
installed size is 7.0Mb
sub-directories of 1Mb or more:
doc 5.9Mb
Flavors: r-devel-linux-x86_64-fedora-clang, r-devel-windows-x86_64, r-release-macos-arm64, r-release-macos-x86_64, r-release-windows-x86_64, r-oldrel-macos-arm64, r-oldrel-macos-x86_64, r-oldrel-windows-x86_64