CRAN Package Check Results for Package TSEtools

Last updated on 2025-07-27 05:48:47 CEST.

Flavor Version Tinstall Tcheck Ttotal Status Flags
r-devel-linux-x86_64-debian-clang 0.2.2 2.80 25.35 28.15 NOTE
r-devel-linux-x86_64-debian-gcc 0.2.2 2.00 20.72 22.72 NOTE
r-devel-linux-x86_64-fedora-clang 0.2.2 44.11 OK
r-devel-linux-x86_64-fedora-gcc 0.2.2 40.80 OK
r-devel-windows-x86_64 0.2.2 4.00 44.00 48.00 OK
r-patched-linux-x86_64 0.2.2 2.72 24.51 27.23 OK
r-release-linux-x86_64 0.2.2 2.60 24.00 26.60 OK
r-release-macos-arm64 0.2.2 21.00 OK
r-release-macos-x86_64 0.2.2 32.00 OK
r-release-windows-x86_64 0.2.2 3.00 45.00 48.00 OK
r-oldrel-macos-arm64 0.2.2 18.00 OK
r-oldrel-macos-x86_64 0.2.2 27.00 OK
r-oldrel-windows-x86_64 0.2.2 4.00 51.00 55.00 OK

Check Details

Version: 0.2.2
Check: CRAN incoming feasibility
Result: NOTE Maintainer: ‘Ali Saeb <ali.saeb@gmail.com>’ No Authors@R field in DESCRIPTION. Please add one, modifying Authors@R: person(given = "Ali", family = "Saeb", role = c("aut", "cre"), email = "ali.saeb@gmail.com") as necessary. Flavors: r-devel-linux-x86_64-debian-clang, r-devel-linux-x86_64-debian-gcc