Last updated on 2024-05-02 04:00:38 CEST.
Flavor | Version | Tinstall | Tcheck | Ttotal | Status | Flags |
---|---|---|---|---|---|---|
r-devel-linux-x86_64-debian-clang | 1.1.0 | 8.71 | 177.71 | 186.42 | NOTE | |
r-devel-linux-x86_64-debian-gcc | 1.1.0 | 8.97 | 131.12 | 140.09 | NOTE | |
r-devel-linux-x86_64-fedora-clang | 1.1.0 | 233.83 | NOTE | |||
r-devel-linux-x86_64-fedora-gcc | 1.1.0 | 236.71 | NOTE | |||
r-devel-windows-x86_64 | 1.1.0 | 11.00 | 147.00 | 158.00 | NOTE | |
r-patched-linux-x86_64 | 1.1.0 | 11.77 | 166.33 | 178.10 | NOTE | |
r-release-linux-x86_64 | 1.1.0 | 8.97 | 162.52 | 171.49 | NOTE | |
r-release-macos-arm64 | 1.1.0 | 68.00 | NOTE | |||
r-release-windows-x86_64 | 1.1.0 | 10.00 | 343.00 | 353.00 | NOTE | |
r-oldrel-macos-arm64 | 1.1.0 | 89.00 | NOTE | |||
r-oldrel-macos-x86_64 | 1.1.0 | 122.00 | NOTE | |||
r-oldrel-windows-x86_64 | 1.1.0 | 14.00 | 409.00 | 423.00 | NOTE |
Version: 1.1.0
Check: LazyData
Result: NOTE
'LazyData' is specified without a 'data' directory
Flavors: r-devel-linux-x86_64-debian-clang, r-devel-linux-x86_64-debian-gcc, r-devel-linux-x86_64-fedora-clang, r-devel-linux-x86_64-fedora-gcc, r-devel-windows-x86_64, r-patched-linux-x86_64, r-release-linux-x86_64, r-release-macos-arm64, r-release-windows-x86_64, r-oldrel-macos-arm64, r-oldrel-macos-x86_64, r-oldrel-windows-x86_64