CRAN Package Check Results for Package TDCor

Last updated on 2025-07-04 05:49:37 CEST.

Flavor Version Tinstall Tcheck Ttotal Status Flags
r-devel-linux-x86_64-debian-clang 0.1-2 5.10 37.60 42.70 NOTE
r-devel-linux-x86_64-debian-gcc 0.1-2 3.92 27.72 31.64 NOTE
r-devel-linux-x86_64-fedora-clang 0.1-2 66.22 OK
r-devel-linux-x86_64-fedora-gcc 0.1-2 61.64 OK
r-devel-windows-x86_64 0.1-2 5.00 59.00 64.00 OK
r-patched-linux-x86_64 0.1-2 5.59 35.51 41.10 OK
r-release-linux-x86_64 0.1-2 4.30 35.64 39.94 OK
r-release-macos-arm64 0.1-2 24.00 OK
r-release-macos-x86_64 0.1-2 40.00 OK
r-release-windows-x86_64 0.1-2 5.00 58.00 63.00 OK
r-oldrel-macos-arm64 0.1-2 23.00 OK
r-oldrel-macos-x86_64 0.1-2 34.00 OK
r-oldrel-windows-x86_64 0.1-2 6.00 62.00 68.00 OK

Check Details

Version: 0.1-2
Check: CRAN incoming feasibility
Result: NOTE Maintainer: ‘Mikael Lucas <mikael.lucas@ird.fr>’ No Authors@R field in DESCRIPTION. Please add one, modifying Authors@R: c(person(given = "Julien", family = "Lavenus", role = "aut"), person(given = "Mikael", family = "Lucas", role = "cre", email = "mikael.lucas@ird.fr")) as necessary. Flavors: r-devel-linux-x86_64-debian-clang, r-devel-linux-x86_64-debian-gcc