Last updated on 2025-02-20 04:51:32 CET.
Flavor | Version | Tinstall | Tcheck | Ttotal | Status | Flags |
---|---|---|---|---|---|---|
r-devel-linux-x86_64-debian-clang | 1.9.4 | 103.15 | 85.44 | 188.59 | OK | |
r-devel-linux-x86_64-debian-gcc | 1.9.4 | 87.02 | 64.38 | 151.40 | OK | |
r-devel-linux-x86_64-fedora-clang | 1.9.4 | 307.98 | NOTE | |||
r-devel-linux-x86_64-fedora-gcc | 1.9.4 | 383.52 | NOTE | |||
r-devel-macos-arm64 | 1.9.4 | 83.00 | OK | |||
r-devel-macos-x86_64 | 1.9.4 | 210.00 | OK | |||
r-devel-windows-x86_64 | 1.9.4 | 113.00 | 176.00 | 289.00 | OK | |
r-patched-linux-x86_64 | 1.9.4 | 119.27 | 83.41 | 202.68 | NOTE | |
r-release-linux-x86_64 | 1.9.4 | 115.51 | 84.61 | 200.12 | NOTE | |
r-release-macos-arm64 | 1.9.4 | 99.00 | NOTE | |||
r-release-macos-x86_64 | 1.9.4 | 248.00 | NOTE | |||
r-release-windows-x86_64 | 1.9.4 | 113.00 | 4.00 | 117.00 | FAIL | |
r-oldrel-macos-arm64 | 1.9.1 | 97.00 | NOTE | |||
r-oldrel-macos-x86_64 | 1.9.4 | 276.00 | NOTE | |||
r-oldrel-windows-x86_64 | 1.9.4 | 137.00 | 211.00 | 348.00 | NOTE |
Version: 1.9.4
Check: dependencies in R code
Result: NOTE
Namespace in Imports field not imported from: ‘scales’
All declared Imports should be used.
Flavors: r-devel-linux-x86_64-fedora-clang, r-devel-linux-x86_64-fedora-gcc
Version: 1.9.4
Check: for GNU extensions in Makefiles
Result: NOTE
GNU make is a SystemRequirements.
Flavors: r-patched-linux-x86_64, r-release-linux-x86_64, r-release-macos-arm64, r-release-macos-x86_64, r-oldrel-macos-x86_64, r-oldrel-windows-x86_64
Version: 1.9.4
Check: installed package size
Result: NOTE
installed size is 37.2Mb
sub-directories of 1Mb or more:
doc 1.3Mb
libs 35.5Mb
Flavors: r-release-macos-arm64, r-release-macos-x86_64, r-oldrel-macos-x86_64
Version: 1.9.4
Check: package dependencies
Result: FAIL
Flavor: r-release-windows-x86_64
Version: 1.9.1
Check: installed package size
Result: NOTE
installed size is 33.8Mb
sub-directories of 1Mb or more:
libs 32.6Mb
Flavor: r-oldrel-macos-arm64
Version: 1.9.1
Check: for GNU extensions in Makefiles
Result: NOTE
GNU make is a SystemRequirements.
Flavor: r-oldrel-macos-arm64