CRAN Package Check Results for Package TCGAretriever

Last updated on 2025-07-24 05:49:27 CEST.

Flavor Version Tinstall Tcheck Ttotal Status Flags
r-devel-linux-x86_64-debian-clang 1.9.1 4.18 47.71 51.89 NOTE
r-devel-linux-x86_64-debian-gcc 1.9.1 3.21 36.88 40.09 NOTE
r-devel-linux-x86_64-fedora-clang 1.9.1 78.64 OK
r-devel-linux-x86_64-fedora-gcc 1.9.1 90.40 OK
r-devel-windows-x86_64 1.9.1 5.00 84.00 89.00 OK
r-patched-linux-x86_64 1.9.1 3.63 45.42 49.05 OK
r-release-linux-x86_64 1.9.1 3.48 45.51 48.99 OK
r-release-macos-arm64 1.9.1 75.00 OK
r-release-macos-x86_64 1.9.1 66.00 OK
r-release-windows-x86_64 1.9.1 5.00 87.00 92.00 OK
r-oldrel-macos-arm64 1.9.1 49.00 OK
r-oldrel-macos-x86_64 1.9.1 56.00 OK
r-oldrel-windows-x86_64 1.9.1 8.00 84.00 92.00 OK

Check Details

Version: 1.9.1
Check: CRAN incoming feasibility
Result: NOTE Maintainer: ‘Damiano Fantini <damiano.fantini@gmail.com>’ No Authors@R field in DESCRIPTION. Please add one, modifying Authors@R: person(given = "Damiano", family = "Fantini", role = c("aut", "cre"), email = "damiano.fantini@gmail.com") as necessary. Flavors: r-devel-linux-x86_64-debian-clang, r-devel-linux-x86_64-debian-gcc