Last updated on 2025-02-06 05:49:23 CET.
Flavor | Version | Tinstall | Tcheck | Ttotal | Status | Flags |
---|---|---|---|---|---|---|
r-devel-linux-x86_64-debian-clang | 0.2.0 | 17.68 | 344.84 | 362.52 | NOTE | |
r-devel-linux-x86_64-debian-gcc | 0.2.0 | 12.59 | 237.37 | 249.96 | NOTE | |
r-devel-linux-x86_64-fedora-clang | 0.2.0 | 610.20 | NOTE | |||
r-devel-linux-x86_64-fedora-gcc | 0.2.0 | 563.51 | NOTE | |||
r-devel-windows-x86_64 | 0.2.0 | 17.00 | 561.00 | 578.00 | NOTE | |
r-patched-linux-x86_64 | 0.2.0 | 24.45 | 317.46 | 341.91 | OK | |
r-release-linux-x86_64 | 0.2.0 | 14.50 | 322.36 | 336.86 | OK | |
r-release-macos-arm64 | 0.2.0 | 149.00 | OK | |||
r-release-macos-x86_64 | 0.2.0 | 229.00 | OK | |||
r-release-windows-x86_64 | 0.2.0 | 18.00 | 559.00 | 577.00 | OK | |
r-oldrel-macos-arm64 | 0.2.0 | 175.00 | OK | |||
r-oldrel-macos-x86_64 | 0.2.0 | 293.00 | OK | |||
r-oldrel-windows-x86_64 | 0.2.0 | 22.00 | 420.00 | 442.00 | OK |
Version: 0.2.0
Check: Rd cross-references
Result: NOTE
Found the following Rd file(s) with Rd \link{} targets missing package
anchors:
ANOVA_exact.Rd: aov_car, emmeans
emmeans_power.Rd: aov_car, emmeans
Please provide package anchors for all Rd \link{} targets not in the
package itself and the base packages.
Flavors: r-devel-linux-x86_64-debian-clang, r-devel-linux-x86_64-debian-gcc, r-devel-windows-x86_64
Version: 0.2.0
Check: dependencies in R code
Result: NOTE
Namespaces in Imports field not imported from:
‘gridExtra’ ‘mvtnorm’
All declared Imports should be used.
Flavors: r-devel-linux-x86_64-fedora-clang, r-devel-linux-x86_64-fedora-gcc