Last updated on 2024-05-02 04:00:36 CEST.
Flavor | Version | Tinstall | Tcheck | Ttotal | Status | Flags |
---|---|---|---|---|---|---|
r-devel-linux-x86_64-debian-clang | 1.1.0 | 7.19 | 43.01 | 50.20 | NOTE | |
r-devel-linux-x86_64-debian-gcc | 1.1.0 | 5.02 | 32.24 | 37.26 | NOTE | |
r-devel-linux-x86_64-fedora-clang | 1.1.0 | 63.00 | NOTE | |||
r-devel-linux-x86_64-fedora-gcc | 1.1.0 | 75.41 | NOTE | |||
r-devel-windows-x86_64 | 1.1.0 | 10.00 | 55.00 | 65.00 | NOTE | |
r-patched-linux-x86_64 | 1.1.0 | 7.10 | 41.14 | 48.24 | NOTE | |
r-release-linux-x86_64 | 1.1.0 | 5.09 | 41.24 | 46.33 | NOTE | |
r-release-macos-arm64 | 1.1.0 | 28.00 | NOTE | |||
r-release-windows-x86_64 | 1.1.0 | 10.00 | 57.00 | 67.00 | NOTE | |
r-oldrel-macos-arm64 | 1.1.0 | 28.00 | OK | |||
r-oldrel-macos-x86_64 | 1.1.0 | 41.00 | OK | |||
r-oldrel-windows-x86_64 | 1.1.0 | 10.00 | 57.00 | 67.00 | OK |
Version: 1.1.0
Check: Rd files
Result: NOTE
checkRd: (-1) plot.Rd:42: Lost braces; missing escapes or markup?
42 | \item{color.off}{color code; specifying the color for set(s) which are "{absent}" for an intersection.}
| ^
Flavors: r-devel-linux-x86_64-debian-clang, r-devel-linux-x86_64-debian-gcc, r-devel-linux-x86_64-fedora-clang, r-devel-linux-x86_64-fedora-gcc, r-devel-windows-x86_64, r-patched-linux-x86_64, r-release-linux-x86_64, r-release-macos-arm64, r-release-windows-x86_64