Last updated on 2025-07-03 04:51:09 CEST.
Flavor | Version | Tinstall | Tcheck | Ttotal | Status | Flags |
---|---|---|---|---|---|---|
r-devel-linux-x86_64-debian-clang | 1.0.0 | 10.40 | 19.80 | 30.20 | NOTE | |
r-devel-linux-x86_64-debian-gcc | 1.0.0 | 8.74 | 16.54 | 25.28 | NOTE | |
r-devel-linux-x86_64-fedora-clang | 1.0.0 | 46.36 | OK | |||
r-devel-linux-x86_64-fedora-gcc | 1.0.0 | 45.08 | OK | |||
r-devel-windows-x86_64 | 1.0.0 | 11.00 | 39.00 | 50.00 | OK | |
r-patched-linux-x86_64 | 1.0.0 | 10.21 | 18.43 | 28.64 | OK | |
r-release-linux-x86_64 | 1.0.0 | 10.18 | 18.52 | 28.70 | OK | |
r-release-macos-arm64 | 1.0.0 | 22.00 | OK | |||
r-release-macos-x86_64 | 1.0.0 | 34.00 | OK | |||
r-release-windows-x86_64 | 1.0.0 | 11.00 | 41.00 | 52.00 | OK | |
r-oldrel-macos-arm64 | 1.0.0 | 22.00 | OK | |||
r-oldrel-macos-x86_64 | 1.0.0 | 28.00 | OK | |||
r-oldrel-windows-x86_64 | 1.0.0 | 11.00 | 45.00 | 56.00 | OK |
Version: 1.0.0
Check: CRAN incoming feasibility
Result: NOTE
Maintainer: ‘Matheus Dalsente Krause <krause.d.matheus@gmail.com>’
Package CITATION file contains call(s) to old-style citEntry(). Please
use bibentry() instead.
Flavors: r-devel-linux-x86_64-debian-clang, r-devel-linux-x86_64-debian-gcc