Last updated on 2025-02-20 04:51:30 CET.
Flavor | Version | Tinstall | Tcheck | Ttotal | Status | Flags |
---|---|---|---|---|---|---|
r-devel-linux-x86_64-debian-clang | 1.0.1 | 40.56 | 116.44 | 157.00 | OK | |
r-devel-linux-x86_64-debian-gcc | 1.0.1 | 27.98 | 79.06 | 107.04 | OK | |
r-devel-linux-x86_64-fedora-clang | 1.0.1 | 282.60 | OK | |||
r-devel-linux-x86_64-fedora-gcc | 1.0.1 | 270.16 | OK | |||
r-devel-macos-arm64 | 1.0.1 | 73.00 | OK | |||
r-devel-macos-x86_64 | 1.0.1 | 129.00 | OK | |||
r-devel-windows-x86_64 | 1.0.1 | 41.00 | 148.00 | 189.00 | OK | |
r-patched-linux-x86_64 | 1.0.1 | 42.91 | 105.16 | 148.07 | OK | |
r-release-linux-x86_64 | 1.0.1 | 38.53 | 106.51 | 145.04 | OK | |
r-release-macos-arm64 | 1.0.1 | 70.00 | NOTE | |||
r-release-macos-x86_64 | 1.0.1 | 110.00 | NOTE | |||
r-release-windows-x86_64 | 1.0.1 | 44.00 | 3.00 | 47.00 | FAIL | |
r-oldrel-macos-arm64 | 1.0.1 | 86.00 | NOTE | |||
r-oldrel-macos-x86_64 | 1.0.1 | 132.00 | NOTE | |||
r-oldrel-windows-x86_64 | 1.0.1 | 56.00 | 191.00 | 247.00 | OK |
Version: 1.0.1
Check: installed package size
Result: NOTE
installed size is 5.3Mb
sub-directories of 1Mb or more:
libs 4.4Mb
Flavors: r-release-macos-arm64, r-release-macos-x86_64, r-oldrel-macos-arm64, r-oldrel-macos-x86_64
Version: 1.0.1
Check: package dependencies
Result: FAIL
Flavor: r-release-windows-x86_64