CRAN Package Check Results for Package SensitivityCaseControl

Last updated on 2025-10-05 05:49:46 CEST.

Flavor Version Tinstall Tcheck Ttotal Status Flags
r-devel-linux-x86_64-debian-clang 2.2 2.07 22.09 24.16 NOTE
r-devel-linux-x86_64-debian-gcc 2.2 1.54 18.01 19.55 NOTE
r-devel-linux-x86_64-fedora-clang 2.2 35.68 OK
r-devel-linux-x86_64-fedora-gcc 2.2 32.95 OK
r-devel-windows-x86_64 2.2 3.00 40.00 43.00 OK
r-patched-linux-x86_64 2.2 2.06 20.58 22.64 OK
r-release-linux-x86_64 2.2 1.97 20.59 22.56 OK
r-release-macos-arm64 2.2 17.00 OK
r-release-macos-x86_64 2.2 26.00 OK
r-release-windows-x86_64 2.2 3.00 41.00 44.00 OK
r-oldrel-macos-arm64 2.2 16.00 OK
r-oldrel-macos-x86_64 2.2 22.00 OK
r-oldrel-windows-x86_64 2.2 3.00 40.00 43.00 OK

Check Details

Version: 2.2
Check: CRAN incoming feasibility
Result: NOTE Maintainer: ‘Dylan Small <dsmall@wharton.upenn.edu>’ No Authors@R field in DESCRIPTION. Please add one, modifying Authors@R: person(given = "Dylan", family = "Small", role = c("aut", "cre"), email = "dsmall@wharton.upenn.edu") as necessary. Flavors: r-devel-linux-x86_64-debian-clang, r-devel-linux-x86_64-debian-gcc