Last updated on 2025-10-16 05:51:16 CEST.
Flavor | Version | Tinstall | Tcheck | Ttotal | Status | Flags |
---|---|---|---|---|---|---|
r-devel-linux-x86_64-debian-clang | 0.7 | 19.19 | 210.38 | 229.57 | NOTE | |
r-devel-linux-x86_64-debian-gcc | 0.7 | 12.80 | 139.97 | 152.77 | NOTE | |
r-devel-linux-x86_64-fedora-clang | 0.7 | 353.38 | OK | |||
r-devel-linux-x86_64-fedora-gcc | 0.7 | 327.29 | OK | |||
r-devel-windows-x86_64 | 0.7 | 20.00 | 183.00 | 203.00 | OK | |
r-patched-linux-x86_64 | 0.7 | 17.04 | 190.47 | 207.51 | OK | |
r-release-linux-x86_64 | 0.7 | 18.34 | 194.37 | 212.71 | OK | |
r-release-macos-arm64 | 0.7 | 89.00 | OK | |||
r-release-macos-x86_64 | 0.7 | 172.00 | OK | |||
r-release-windows-x86_64 | 0.7 | 22.00 | 181.00 | 203.00 | OK | |
r-oldrel-macos-arm64 | 0.7 | 85.00 | OK | |||
r-oldrel-macos-x86_64 | 0.7 | 129.00 | OK | |||
r-oldrel-windows-x86_64 | 0.7 | 27.00 | 250.00 | 277.00 | OK |
Version: 0.7
Check: CRAN incoming feasibility
Result: NOTE
Maintainer: ‘Ibtihel Rebhi <ibtihel.rebhi@enit.utm.tn>’
No Authors@R field in DESCRIPTION.
Please add one, modifying
Authors@R: c(person(given = "Ibtihel",
family = "Rebhi",
role = c("aut", "cre"),
email = "ibtihel.rebhi@enit.utm.tn"),
person(given = "Dhafer",
family = "Malouche",
role = "ctb"))
as necessary.
Flavors: r-devel-linux-x86_64-debian-clang, r-devel-linux-x86_64-debian-gcc