Last updated on 2025-05-16 05:49:21 CEST.
Flavor | Version | Tinstall | Tcheck | Ttotal | Status | Flags |
---|---|---|---|---|---|---|
r-devel-linux-x86_64-debian-clang | 0.2.3 | 9.83 | 71.39 | 81.22 | NOTE | |
r-devel-linux-x86_64-debian-gcc | 0.2.3 | 6.16 | 52.26 | 58.42 | NOTE | |
r-devel-linux-x86_64-fedora-clang | 0.2.3 | 124.81 | OK | |||
r-devel-linux-x86_64-fedora-gcc | 0.2.3 | 117.85 | OK | |||
r-devel-windows-x86_64 | 0.2.3 | 11.00 | 87.00 | 98.00 | OK | |
r-patched-linux-x86_64 | 0.2.3 | 8.47 | 67.16 | 75.63 | OK | |
r-release-linux-x86_64 | 0.2.3 | 9.47 | 67.06 | 76.53 | OK | |
r-release-macos-arm64 | 0.2.3 | 38.00 | OK | |||
r-release-macos-x86_64 | 0.2.3 | 80.00 | OK | |||
r-release-windows-x86_64 | 0.2.3 | 11.00 | 78.00 | 89.00 | OK | |
r-oldrel-macos-arm64 | 0.2.3 | 35.00 | OK | |||
r-oldrel-macos-x86_64 | 0.2.3 | 72.00 | OK | |||
r-oldrel-windows-x86_64 | 0.2.3 | 14.00 | 100.00 | 114.00 | OK |
Version: 0.2.3
Check: CRAN incoming feasibility
Result: NOTE
Maintainer: ‘Lukas Beule <lukas.beule@julius-kuehn.de>’
Package CITATION file contains call(s) to old-style personList() or
as.personList(). Please use c() on person objects instead.
Package CITATION file contains call(s) to old-style citEntry(). Please
use bibentry() instead.
Flavors: r-devel-linux-x86_64-debian-clang, r-devel-linux-x86_64-debian-gcc