CRAN Package Check Results for Package SMARTp

Last updated on 2025-02-06 05:49:22 CET.

Flavor Version Tinstall Tcheck Ttotal Status Flags
r-devel-linux-x86_64-debian-clang 0.1.1 2.89 30.83 33.72 OK
r-devel-linux-x86_64-debian-gcc 0.1.1 2.44 23.97 26.41 OK
r-devel-linux-x86_64-fedora-clang 0.1.1 54.32 NOTE
r-devel-linux-x86_64-fedora-gcc 0.1.1 51.86 NOTE
r-devel-windows-x86_64 0.1.1 4.00 54.00 58.00 OK
r-patched-linux-x86_64 0.1.1 3.03 30.01 33.04 NOTE
r-release-linux-x86_64 0.1.1 2.60 29.94 32.54 NOTE
r-release-macos-arm64 0.1.1 24.00 NOTE
r-release-macos-x86_64 0.1.1 29.00 NOTE
r-release-windows-x86_64 0.1.1 4.00 52.00 56.00 NOTE
r-oldrel-macos-arm64 0.1.1 22.00 NOTE
r-oldrel-macos-x86_64 0.1.1 50.00 NOTE
r-oldrel-windows-x86_64 0.1.1 6.00 56.00 62.00 NOTE

Check Details

Version: 0.1.1
Check: dependencies in R code
Result: NOTE Namespace in Imports field not imported from: ‘covr’ All declared Imports should be used. Flavors: r-devel-linux-x86_64-fedora-clang, r-devel-linux-x86_64-fedora-gcc

Version: 0.1.1
Check: LazyData
Result: NOTE 'LazyData' is specified without a 'data' directory Flavors: r-patched-linux-x86_64, r-release-linux-x86_64, r-release-macos-arm64, r-release-macos-x86_64, r-release-windows-x86_64, r-oldrel-macos-arm64, r-oldrel-macos-x86_64, r-oldrel-windows-x86_64