Last updated on 2025-02-06 05:49:21 CET.
Flavor | Version | Tinstall | Tcheck | Ttotal | Status | Flags |
---|---|---|---|---|---|---|
r-devel-linux-x86_64-debian-clang | 1.1.0 | 2.68 | 191.49 | 194.17 | OK | |
r-devel-linux-x86_64-debian-gcc | 1.1.0 | 2.06 | 114.67 | 116.73 | OK | |
r-devel-linux-x86_64-fedora-clang | 1.1.0 | 320.97 | NOTE | |||
r-devel-linux-x86_64-fedora-gcc | 1.1.0 | 313.50 | NOTE | |||
r-devel-windows-x86_64 | 1.1.0 | 4.00 | 168.00 | 172.00 | OK | |
r-patched-linux-x86_64 | 1.1.0 | 2.74 | 176.18 | 178.92 | OK | |
r-release-linux-x86_64 | 1.1.0 | 2.54 | 175.73 | 178.27 | OK | |
r-release-macos-arm64 | 1.1.0 | 82.00 | OK | |||
r-release-macos-x86_64 | 1.1.0 | 131.00 | OK | |||
r-release-windows-x86_64 | 1.1.0 | 4.00 | 166.00 | 170.00 | OK | |
r-oldrel-macos-arm64 | 1.1.0 | 86.00 | OK | |||
r-oldrel-macos-x86_64 | 1.1.0 | 169.00 | OK | |||
r-oldrel-windows-x86_64 | 1.1.0 | 6.00 | 241.00 | 247.00 | OK |
Version: 1.1.0
Check: dependencies in R code
Result: NOTE
Namespaces in Imports field not imported from:
‘devtools’ ‘mathjaxr’
All declared Imports should be used.
Flavors: r-devel-linux-x86_64-fedora-clang, r-devel-linux-x86_64-fedora-gcc