CRAN Package Check Results for Package S7

Last updated on 2025-07-21 05:51:10 CEST.

Flavor Version Tinstall Tcheck Ttotal Status Flags
r-devel-linux-x86_64-debian-clang 0.2.0 5.29 95.03 100.32 NOTE
r-devel-linux-x86_64-debian-gcc 0.2.0 3.76 69.39 73.15 NOTE
r-devel-linux-x86_64-fedora-clang 0.2.0 153.55 NOTE
r-devel-linux-x86_64-fedora-gcc 0.2.0 161.81 NOTE
r-devel-windows-x86_64 0.2.0 8.00 103.00 111.00 NOTE
r-patched-linux-x86_64 0.2.0 6.02 89.50 95.52 NOTE
r-release-linux-x86_64 0.2.0 5.07 88.33 93.40 NOTE
r-release-macos-arm64 0.2.0 57.00 NOTE
r-release-macos-x86_64 0.2.0 116.00 NOTE
r-release-windows-x86_64 0.2.0 9.00 104.00 113.00 NOTE
r-oldrel-macos-arm64 0.2.0 83.00 OK
r-oldrel-macos-x86_64 0.2.0 151.00 OK
r-oldrel-windows-x86_64 0.2.0 12.00 129.00 141.00 OK

Check Details

Version: 0.2.0
Check: compiled code
Result: NOTE File ‘S7/libs/S7.so’: Found non-API calls to R: ‘FORMALS’, ‘Rf_allocSExp’ Compiled code should not call non-API entry points in R. See ‘Writing portable packages’ in the ‘Writing R Extensions’ manual, and section ‘Moving into C API compliance’ for issues with the use of non-API entry points. Flavors: r-devel-linux-x86_64-debian-clang, r-devel-linux-x86_64-debian-gcc, r-devel-linux-x86_64-fedora-clang, r-devel-linux-x86_64-fedora-gcc, r-patched-linux-x86_64, r-release-linux-x86_64, r-release-macos-arm64, r-release-macos-x86_64

Version: 0.2.0
Check: compiled code
Result: NOTE File 'S7/libs/x64/S7.dll': Found non-API calls to R: 'FORMALS', 'Rf_allocSExp' Compiled code should not call non-API entry points in R. See 'Writing portable packages' in the 'Writing R Extensions' manual, and section 'Moving into C API compliance' for issues with the use of non-API entry points. Flavors: r-devel-windows-x86_64, r-release-windows-x86_64